 (base 5) to base 16
-71
59 (base 11) to base 10
64
What is 100010 (base 2) in base 16?
22
Convert 12 (base 10) to base 2.
1100
What is -2 (base 10) in base 2?
-10
-2 (base 8) to base 12
-2
What is 5 (base 10) in base 6?
5
63 (base 8) to base 6
123
2023 (base 4) to base 2
10001011
What is 1011 (base 4) in base 7?
126
What is -112 (base 4) in base 16?
-16
Convert ea (base 16) to base 10.
234
10201 (base 4) to base 13
193
-13 (base 12) to base 3
-120
What is -a (base 11) in base 5?
-20
165 (base 7) to base 6
240
-113 (base 4) to base 15
-18
-11 (base 2) to base 8
-3
What is 101000 (base 2) in base 13?
31
102010 (base 3) to base 7
606
What is 48 (base 9) in base 10?
44
-331 (base 4) to base 12
-51
Convert -203 (base 5) to base 4.
-311
3 (base 8) to base 3
10
Convert -15 (base 7) to base 15.
-c
Convert -115 (base 6) to base 10.
-47
What is -202 (base 4) in base 12?
-2a
Convert 18 (base 10) to base 6.
30
Convert -1a (base 16) to base 11.
-24
Convert -144 (base 8) to base 11.
-91
Convert 12 (base 13) to base 4.
33
What is -31 (base 7) in base 11?
-20
Convert -123 (base 4) to base 2.
-11011
What is 112 (base 7) in base 16?
3a
What is 305 (base 6) in base 13?
89
-120 (base 3) to base 4
-33
What is -8 (base 16) in base 7?
-11
What is -4 (base 14) in base 5?
-4
Convert -322 (base 4) to base 9.
-64
What is -5 (base 9) in base 10?
-5
Convert -1 (base 4) to base 12.
-1
Convert -1434 (base 6) to base 10.
-382
3 (base 13) to base 9
3
Convert -12 (base 3) to base 5.
-10
Convert -1001011 (base 2) to base 3.
-2210
-70 (base 13) to base 12
-77
What is 10011101 (base 2) in base 10?
157
-1 (base 3) to base 7
-1
-10 (base 6) to base 13
-6
23 (base 4) to base 9
12
What is 102 (base 5) in base 6?
43
What is -43 (base 15) in base 5?
-223
Convert 18 (base 10) to base 7.
24
242 (base 6) to base 7
200
0 (base 9) to base 11
0
What is -155 (base 9) in base 15?
-8b
Convert 3 (base 4) to base 15.
3
Convert -6 (base 15) to base 5.
-11
-a (base 15) to base 4
-22
What is 1202 (base 4) in base 10?
98
-32 (base 6) to base 5
-40
What is -100 (base 2) in base 16?
-4
What is -1001 (base 4) in base 2?
-1000001
What is 113 (base 7) in base 2?
111011
What is -132 (base 6) in base 5?
-211
Convert 10 (base 3) to base 6.
3
Convert -106 (base 10) to base 4.
-1222
What is -48 (base 11) in base 9?
-57
-5 (base 13) to base 12
-5
Convert 1 (base 7) to base 3.
1
What is 0 (base 6) in base 13?
0
Convert -304 (base 5) to base 11.
-72
What is 1 (base 16) in base 6?
1
What is 20 (base 4) in base 15?
8
What is -111 (base 2) in base 6?
-11
Convert 1 (base 9) to base 4.
1
Convert -303 (base 5) to base 11.
-71
What is 1 (base 5) in base 6?
1
What is -7 (base 14) in base 8?
-7
0 (base 12) to base 15
0
4 (base 9) to base 5
4
2b (base 16) to base 14
31
What is -46 (base 8) in base 3?
-1102
5 (base 11) to base 4
11
10 (base 13) to base 3
111
20 (base 15) to base 11
28
What is 1 (base 5) in base 11?
1
Convert 11 (base 11) to base 12.
10
5 (base 8) to base 3
12
Convert -2 (base 4) to base 15.
-2
-81 (base 10) to base 15
-56
Convert -1000 (base 2) to base 13.
-8
What is 42 (base 16) in base 12?
56
Convert -4 (base 12) to base 10.
-4
Convert 11 (base 4) to base 15.
5
0 (base 9) to base 13
0
What is 66 (base 11) in base 9?
80
What is -13 (base 13) in base 16?
-10
What is -3 (base 11) in base 15?
-3
-23 (base 16) to base 14
-27
Convert 101 (base 2) to base 9.
5
10200 (base 4) to base 14
168
-24 (base 14) to base 9
-35
-a (base 15) to base 16
-a
Convert -1 (base 14) to base 11.
-1
Convert -130 (base 6) to base 13.
-42
What is 211 (base 3) in base 13?
19
Convert -11 (base 5) to base 2.
-110
-11 (base 3) to base 12
-4
40 (base 14) to base 9
62
Convert -10 (base 3) to base 9.
-3
3 (base 11) to base 13
3
What is 89 (base 10) in base 5?
324
Convert -11202 (base 3) to base 6.
-332
Convert -38 (base 13) to base 16.
-2f
Convert 3c (base 15) to base 13.
45
What is -11 (base 7) in base 11?
-8
Convert 5 (base 6) to base 12.
5
6 (base 12) to base 4
12
What is -2 (base 3) in base 2?
-10
-1 (base 3) to base 16
-1
What is 2d (base 15) in base 6?
111
2 (base 14) to base 13
2
What is -15 (base 16) in base 12?
-19
-11100 (base 2) to base 16
-1c
5 (base 15) to base 6
5
What is 26 (base 8) in base 6?
34
Convert -2 (base 13) to base 16.
-2
-4 (base 13) to base 10
-4
What is -33 (base 15) in base 2?
-110000
0 (base 12) to base 16
0
What is -11 (base 3) in base 8?
-4
What is 220 (base 3) in base 15?
19
-4 (base 16) to base 7
-4
101 (base 2) to base 12
5
1 (base 4) to base 8
1
Convert 14 (base 14) to base 7.
24
Convert -2 (base 5) to base 14.
-2
Convert -58 (base 11) to base 13.
-4b
Convert 10 (base 2) to base 16.
2
Convert 6 (base 9) to base 6.
10
What is -13 (base 6) in base 14?
-9
128 (base 9) to base 7
212
30 (base 8) to base 13
1b
Convert -11101 (base 2) to base 11.
-27
Convert 11 (base 4) to base 14.
5
What is -84 (base 14) in base 15?
-7b
What is 25 (base 16) in base 5?
122
Convert -223 (base 8) to base 11.
-124
1c (base 15) to base 12
23
What is 10 (base 15) in base 4?
33
What is -1200 (base 3) in base 10?
-45
Convert 3 (base 9) to base 11.
3
What is -7 (base 15) in base 13?
-7
What is -1001 (base 5) in base 7?
-240
What is -22 (base 5) in base 11?
-11
Convert -25 (base 9) to base 10.
-23
-2 (base 10) to base 7
-2
5 (base 14) to base 6
5
Convert -1001 (base 4) to base 5.
-230
What is -110011 (base 2) in base 6?
-123
Convert 56 (base 8) to base 15.
31
Convert 17 (base 11) to base 9.
20
Convert 2 (base 14) to base 7.
2
What is 76 (base 10) in base 7?
136
What is 1 (base 5) in base 11?
1
97 (base 13) to base 5
444
-8 (base 14) to base 3
-22
What is 9 (base 10) in base 5?
14
-22 (base 11) to base 5
-44
What is 2 (base 5) in base 3?
2
What is 0 (base 12) in base 2?
0
What is 0 (base 15) in base 10?
0
Convert -101 (base 6) to base 14.
-29
10 (base 3) to base 2
11
-20 (base 7) to base 15
-e
What is -3 (base 5) in base 7?
-3
-211 (base 9) to base 11
-147
4 (base 10) to base 6
4
Convert 13 (base 8) to base 10.
11
Convert -202 (base 3) to base 16.
-14
-6 (base 12) to base 2
-110
Convert 1102 (base 3) to base 16.
26
What is 1 (base 7) in base 6?
1
Convert 24 (base 7) to base 8.
22
What is 0 (base 9) in base 11?
0
Convert -18 (base 15) to base 12.
-1b
Convert -33 (base 8) to base 12.
-23
Convert 35 (base 11) to base 15.
28
Convert 32 (base 4) to base 14.
10
-14 (base 16) to base 4
-110
What is 0 (base 2) in base 14?
0
0 (base 7) to base 5
0
-c (base 14) to base 13
-c
What is -4 (base 14) in base 4?
-10
3 (base 10) to base 7
3
What is -6 (base 10) in base 16?
-6
What is 100000011 (base 2) in base 12?
197
What is 35 (base 14) in base 6?
115
-10 (base 9) to base 2
-1001
What is 1b (base 12) in base 2?
10111
What is 10 (base 2) in base 5?
2
-16 (base 11) to base 15
-12
What is 2 (base 13) in base 12?
2
Convert a (base 11) to base 4.
22
What is 164 (base 8) in base 2?
1110100
Convert 47 (base 13) to base 8.
73
-10 (base 4) to base 6
-4
Convert -25 (base 9) to base 3.
-212
What is 10 (base 3) in base 2?
11
-2023 (base 4) to base 13
-a9
Convert -2 (base 3) to base 14.
-2
-1 (base 7) to base 6
-1
10 (base 8) to base 9
8
Convert 1b (base 15) to base 10.
26
Convert 90 (base 10) to base 4.
1122
Convert -2 (base 13) to base 7.
-2
What is 4 (base 15) in base 11?
4
Convert -24 (base 8) to base 14.
-16
What is 2 (base 11) in base 14?
2
0 (base 7) to base 5
0
-4 (base 13) to base 10
-4
What is 3 (base 5) in base 13?
3
Convert 5 (base 10) to base 15.
5
Convert -14 (base 8) to base 10.
-12
-212 (base 6) to base 16
-50
-222 (base 4) to base 14
-30
Convert 10001 (base 2) to base 13.
14
Convert 0 (base 10) to base 15.
0
Convert -52 (base 10) to base 3.
-1221
21011 (base 3) to base 15
cd
What is -10 (base 6) in base 5?
-11
-33 (base 4) to base 5
-30
What is -b3 (base 14) in base 2?
-10011101
What is 10110 (base 2) in base 13?
19
Convert 6 (base 16) to base 7.
6
Convert 463 (base 8) to base 14.
17d
What is -31 (base 8) in base 3?
-221
-5 (base 6) to base 2
-101
0 (base 4) to base 16
0
Convert -10111 (base 2) to base 6.
-35
What is -3e (base 16) in base 15?
-42
Convert 25 (base 13) to base 3.
1011
What is 26 (base 9) in base 13?
1b
What is -1011110 (base 2) in base 4?
-1132
-4 (base 11) to base 9
-4
What is -11 (base 9) in base 2?
-1010
-131 (base 9) to base 